{"id":2,"date":"2016-07-03T09:36:45","date_gmt":"2016-07-03T09:36:45","guid":{"rendered":"http:\/\/www.skorupovo.sk\/?page_id=2"},"modified":"2025-04-14T09:43:57","modified_gmt":"2025-04-14T09:43:57","slug":"sample-page","status":"publish","type":"page","link":"https:\/\/www.skorupovo.sk\/","title":{"rendered":"\u0160korupovo"},"content":{"rendered":"\n<p>Str\u00e1nka rodiny \u0160korupovcov, preva\u017ene o na\u0161ich ps\u00edkoch .<\/p>\n","protected":false},"excerpt":{"rendered":"<p>Str\u00e1nka rodiny \u0160korupovcov, preva\u017ene o na\u0161ich ps\u00edkoch .<\/p>\n","protected":false},"author":1,"featured_media":67,"parent":0,"menu_order":0,"comment_status":"closed","ping_status":"open","template":"","meta":[],"_links":{"self":[{"href":"https:\/\/www.skorupovo.sk\/index.php\/wp-json\/wp\/v2\/pages\/2"}],"collection":[{"href":"https:\/\/www.skorupovo.sk\/index.php\/wp-json\/wp\/v2\/pages"}],"about":[{"href":"https:\/\/www.skorupovo.sk\/index.php\/wp-json\/wp\/v2\/types\/page"}],"author":[{"embeddable":true,"href":"https:\/\/www.skorupovo.sk\/index.php\/wp-json\/wp\/v2\/users\/1"}],"replies":[{"embeddable":true,"href":"https:\/\/www.skorupovo.sk\/index.php\/wp-json\/wp\/v2\/comments?post=2"}],"version-history":[{"count":9,"href":"https:\/\/www.skorupovo.sk\/index.php\/wp-json\/wp\/v2\/pages\/2\/revisions"}],"predecessor-version":[{"id":474,"href":"https:\/\/www.skorupovo.sk\/index.php\/wp-json\/wp\/v2\/pages\/2\/revisions\/474"}],"wp:featuredmedia":[{"embeddable":true,"href":"https:\/\/www.skorupovo.sk\/index.php\/wp-json\/wp\/v2\/media\/67"}],"wp:attachment":[{"href":"https:\/\/www.skorupovo.sk\/index.php\/wp-json\/wp\/v2\/media?parent=2"}],"curies":[{"name":"wp","href":"https:\/\/api.w.org\/{rel}","templated":true}]}}